ainder when o is divided by 13?
12
Let q be (6 - (1 + 1)) + -1. Suppose -4*i - 5 = m, 7*i = 2*i - q*m - 8. Let p = i - -3. What is the remainder when 3 is divided by p?
1
Suppose -n + 3*x + 10 = -x, -5*x + 10 = n. Let s = 12 + n. What is the remainder when s is divided by 12?
10
Suppose 8*o - 1738 = -14*o. Suppose -79 - 136 = -5*r. Suppose -b - 4*z + 22 = 0, 2*z + o = 3*b - r. Calculate the remainder when b is divided by 10.
8
Let u(g) = -2*g. Let a be u(-2). Let s(k) = 3*k**2 - 7*k + 6. Calculate the remainder when s(a) is divided by 9.
8
Let r = -5 - -9. Suppose 0 = -r*n - b + 5*b + 52, -4*n + 68 = 4*b. Let p(d) = d**3 - 7*d**2 - 13*d - 2. What is the remainder when p(9) is divided by n?
13
Let g be 1*(-4)/(-1 - -3). Calculate the remainder when (g/(-6))/((-4)/(-420)) is divided by 9.
8
Suppose -6*v = -2*v - 5*t - 23, 0 = 2*v - 5*t - 9. What is the remainder when 58 is divided by ((-105)/v)/(1 + -2)?
13
Suppose 0 = 2*r + 2 - 40. What is the remainder when r is divided by 7?
5
Let v(f) = -f**3 - 6*f**2 - 5*f + 1. Let d be v(-5). Let b(x) = -9*x + 1. Let j be b(d). Calculate the remainder when 5 is divided by (-2)/3 - j/3.
1
Suppose 0 = -a + 9 - 4. Calculate the remainder when 14 is divided by a.
4
Let i = 141 - 66. What is the remainder when i is divided by 11?
9
Suppose -4*f + 10 = f. Let k = f + 2. Calculate the remainder when -55 + 58 - -2*(-1)/(-1) is divided by k.
1
Suppose r - 3*b + b + 16 = 0, 0 = -5*r + 4*b - 50. Let i(q) = q**3 + 5*q**2 - 8*q + 4. Calculate the remainder when i(r) is divided by 9.
7
Suppose y + 2 = -2*j, 0 - 17 = y + 5*j. What is the remainder when 10 is divided by y?
2
Suppose -l - 2*a + 62 = l, 0 = l + 3*a - 31. Let j(r) = 8*r + 1. Calculate the remainder when l is divided by j(2).
14
Suppose -d = -0*d. Suppose 2*w = -d*w + 20. Calculate the remainder when w is divided by 6.
4
Let g = -9 + 19. Let v be 4/22 - (-2)/(-11). Suppose 3*j - 2*j - 18 = v. Calculate the remainder when j is divided by g.
8
Let c = 104 - 152. What is the remainder when 77 is divided by ((-60)/(-16))/((-9)/c)?
17
Let m = -6 - -9. Suppose 20 = -m*y + 56. What is the remainder when 35 is divided by y?
11
Suppose -5*p = -129 + 39. Let a(l) = 9*l**3 - 3*l**2 + 1. What is the remainder when p is divided by a(1)?
4
Let t = -159 - -198. Calculate the remainder when t is divided by 16.
7
Let w(v) = 2*v**2 + 10*v + 14. What is the remainder when w(-6) is divided by 9?
8
Suppose -3*f + 46 = -2*f. Suppose -z - 12 = -f. What is the remainder when z is divided by 18?
16
Let y = 155 + -98. Calculate the remainder when y is divided by 30.
27
Let c(q) = -2*q - 15. What is the remainder when 43 is divided by c(-13)?
10
Let j(b) = -4*b**3 - 4*b**2 - 4*b - 3. Suppose -4*m - 18 = -5*o + 3*o, -5 = 5*m + o. What is the remainder when j(m) is divided by 12?
9
Let v = -5 - -25. Calculate the remainder when v is divided by (-2)/2 - -8 - -4.
9
Suppose -4*n = 3*m - 19, -2*n = 3*m - 4 - 13. Let c(q) = 0*q - n + q**2 - 1 - q. Calculate the remainder when c(4) is divided by 4.
2
Suppose 0 = 3*k - 3, -4*o + 37 = k - 4*k. Let t(b) be the third derivative of -b**4/8 + b**3/6 + 2*b**2. What is the remainder when t(-6) is divided by o?
9
Suppose 2*z + o - 32 = 70, 0 = 3*z + 4*o - 143. Calculate the remainder when z is divided by 14.
11
Suppose 0 = -3*p + 3 + 48. Calculate the remainder when 63 is divided by p.
12
Let n = -39 + 66. Calculate the remainder when n is divided by 15.
12
Let m(i) = i**3 + 5*i**2 - 8*i - 2. What is the remainder when 37 is divided by m(-6)?
7
Suppose -3*f + 0*t - 22 = 2*t, 0 = 2*t + 10. Let l(z) = -4*z + 2*z - 2 - 1. What is the remainder when 13 is divided by l(f)?
3
Suppose 4*f + 115 = 3*h, 2*f - 29 = -h + f. Suppose -5*r + 74 = -31. Let o = h - r. Calculate the remainder when 34 is divided by o.
10
Suppose 0 = -2*p + 8*p - 174. What is the remainder when p is divided by 16?
13
Let g = 311 - 221. What is the remainder when g is divided by 23?
21
Suppose 5*k - k + 20 = 0, -3*r + 38 = -k. What is the remainder when 29 is divided by r?
7
Suppose 5*f - 384 = 2*d, -3*d = -4*f + f + 234. What is the remainder when f is divided by 16?
12
Let y(r) be the first derivative of 2*r**2 + 2/3*r**3 - 2 + 2*r. What is the remainder when y(-5) is divided by 11?
10
Let s(y) = -y**2 - 5*y - 2. Let p be s(-3). Suppose -32 + p = -2*a. What is the remainder when 40 is divided by a?
12
Calculate the remainder when 1/((-3)/2 + 2) is divided by 1.
0
What is the remainder when 69 is divided by (1/(-2))/(4/(-40))?
4
Calculate the remainder when (19 - (-3 + 6)) + -2 is divided by 8.
6
Let a = -38 + 60. Calculate the remainder when a is divided by 6.
4
Let c = 21 + -3. Let y = -5 + c. Calculate the remainder when 49 is divided by y.
10
Suppose 5 = 3*a - 2*a - 2*o, 0 = -3*a - 4*o + 15. Suppose -a*d = -3*d - 32. What is the remainder when 31 is divided by d?
15
Let w(m) = -3*m**3 - 2*m**2 + 5*m + 6. Calculate the remainder when 37 is divided by w(-2).
1
Suppose 87 = 5*s - 43. Let x = s - 12. Suppose -m + 12 = -14. What is the remainder when m is divided by x?
12
Suppose -3*r - 2*r = -2*v + 25, 5*v - 34 = 3*r. Suppose -4 = -4*l, w - 5*l = v*w - 37. What is the remainder when 42 is divided by (-11)/1*(w - 9)?
9
Let r be 0*(1 - 2) + 36. What is the remainder when (r/(-15))/(4/(-50)) is divided by 16?
14
Suppose -5*x + 20 = -x. What is the remainder when 18 is divided by x?
3
Let i(r) = r**3 - 5*r**2 + 5*r - 1. Suppose -4*b = 3*m + 20, -m - 3*m = b + 5. Suppose -4*a + a + 12 = m. What is the remainder when a is divided by i(4)?
1
Calculate the remainder when (-291)/(-15) + (-2)/5 is divided by 5.
4
Let a be -10*(-1 + (-1)/(-2)). Suppose 6 - 56 = -a*p. Calculate the remainder when 26 is divided by p.
6
Let h = 22 - 19. Suppose 3*b = 5*b - h*j - 49, -b + 23 = -j. Calculate the remainder when 36 is divided by b.
16
Suppose -84 = -5*v - 0*v - 2*q, -3*v - 4*q = -56. Calculate the remainder when 41 is divided by v.
9
Let i = -8 + 0. Let c = 13 + i. Let h(w) = 3*w**2 + w - 2. What is the remainder when h(-2) is divided by c?
3
Let k = 29 + -13. Calculate the remainder when 30 is divided by k.
14
Suppose b = -0*b - 43. Let r = b - -63. What is the remainder when 59 is divided by r?
19
Suppose -66 + 0 = -4*a - 2*f, 5*a + 3*f = 85. Let v(g) be the third derivative of 7*g**4/12 - g**3/6 + g**2. Calculate the remainder when v(2) is divided by a.
13
Let i be (-1 - (-4)/(-2)) + 158. Let j = i + -94. Calculate the remainder when j is divided by 16.
13
Suppose 185 = 5*s + 40. What is the remainder when 83 is divided by s?
25
Let y(z) = -z**3 + 9*z**2 + 13*z - 5. Calculate the remainder when 40 is divided by y(10).
15
Suppose 0 = -d - 4*w - 64, -2*w - 61 + 293 = -5*d. Let o = d - -91. What is the remainder when o is divided by 11?
10
Let r = -136 - -82. Suppose 0 = -3*q + 3 + 6. Calculate the remainder when (r/45)/(6/(-20)) is divided by q.
1
Let o = 42 - 23. Suppose -7*n + 2*n = 2*z - 184, -n + 2*z = -32. What is the remainder when n is divided by o?
17
Suppose -3*g + 43 = 2*n - 49, 0 = -3*g + 4*n + 68. What is the remainder when g is divided by 10?
8
Let i(r) = -r**3 - 6*r**2 - 2*r + 2. Calculate the remainder when 54 is divided by i(-6).
12
Calculate the remainder when 51 is divided by (-42)/21*13/(-2).
12
Let q(r) = -r + 3. Let x be q(-4). Suppose u - x = -0*u. What is the remainder when 27 is divided by u?
6
Suppose w = b + 17, -3*w - 4*b + 71 = 20. Calculate the remainder when 65 is divided by w.
14
What is the remainder when 3*100/12 - 1 is divided by 13?
11
Suppose 15*w - 17 = 14*w. What is the remainder when w is divided by 6?
5
Let p be -1 + (-12)/(-3 + 1). Suppose p*x - 60 = -2*g, g = 2*g - 2*x - 21. What is the remainder when 47 is divided by g?
22
Suppose -263 = -5*d + l + 3*l, d + 3*l - 64 = 0. Suppose 0*t + 5*t = d. Calculate the remainder when 43 is divided by t.
10
Let j(i) = i**2 - 10*i. Calculate the remainder when 41 is divided by j(11).
8
What is the remainder when 29 is divided by 1*2/4*22?
7
What is the remainder when 30 is divided by (-1)/4 - 90/(-8)?
8
Let r(g) = -g**3 + 6*g**2 - 3*g + 4. Let l be r(4). Suppose -w + 4*m + 39 = 0, -3*w + 2*w + l = -m. Calculate the remainder when w is divided by 11.
8
Let z = 16 - 20. Let a = z - -15. What is the remainder when 19 is div